{"id":3623,"date":"2020-10-14T15:13:21","date_gmt":"2020-10-14T15:13:21","guid":{"rendered":"https:\/\/www.gonzalochillida.com\/?page_id=3623"},"modified":"2020-11-25T09:54:41","modified_gmt":"2020-11-25T09:54:41","slug":"audiovisuales","status":"publish","type":"page","link":"https:\/\/gonzalochillida.com\/es\/audiovisuales\/","title":{"rendered":"Audiovisuales"},"content":{"rendered":"<div class=\"video-limiter\">\n<div class=\"video-container\"><iframe loading=\"lazy\" title=\"La Idea del Norte - Un retrato de Gonzalo Chillida\" src=\"https:\/\/player.vimeo.com\/video\/160693095?dnt=1&amp;app_id=122963\" width=\"500\" height=\"281\" frameborder=\"0\" allow=\"autoplay; fullscreen; picture-in-picture; clipboard-write; encrypted-media\"><\/iframe><\/div>\n<\/div>\n<p><em>La Idea del Norte<\/em>, 2016. Video Color, 40\u2019.<br \/>\nAlicia Chillida-Benito Mac\u00edas Cant\u00f3n, Direcci\u00f3n.<\/p>\n<p><i class=\"\">La Idea del Norte <\/i>es el t\u00edtulo de esta pel\u00edcula que parte de un paisaje etnogr\u00e1fico vasco para retratar a Gonzalo Chillida a trav\u00e9s de los criterios y motivaciones de su visi\u00f3n de la naturaleza.\u00a0Una voz reflexiva convierte el material de archivo del artista (pel\u00edculas en s\u00faper8 y fotograf\u00edas originales), en la esencia y el vocabulario visual fuera de los l\u00edmites de su obra reconocida. El documental hace uso de entrevistas a personas estrechamente vinculadas a su vida y a su obra y recupera los lugares en los que el artista vivi\u00f3 y trabaj\u00f3. La met\u00e1fora del Norte profundiza en un proceso creativo en el que la pintura, la fotograf\u00eda y el cine entran en di\u00e1logo.<\/p>\n<p>&nbsp;<\/p>\n<p>&nbsp;<\/p>\n<div class=\"video-limiter\">\n<div class=\"video-container\"><iframe loading=\"lazy\" title=\"Exposici\u00f3n Gonzalo Chillida\" width=\"500\" height=\"281\" src=\"https:\/\/www.youtube.com\/embed\/5Ov2Ty149d8?feature=oembed\" frameborder=\"0\" allow=\"accelerometer; autoplay; clipboard-write; encrypted-media; gyroscope; picture-in-picture; web-share\" referrerpolicy=\"strict-origin-when-cross-origin\" allowfullscreen><\/iframe><\/div>\n<\/div>\n<p>Exposici\u00f3n <em>Gonzalo Chillida<\/em>. Sala <strong>kubo-kutxa <\/strong>Aretoa. Donostia-San Sebasti\u00e1n, 2016.<br \/>\nComisariado: Alicia Chillida \/ Mikel Lertxundi.<\/p>\n<p>&nbsp;<\/p>\n<div class=\"video-limiter\">\n<div class=\"video-container\"><iframe loading=\"lazy\" title=\"VERSION DE ARTE GONZALO CHILLIDA\" width=\"500\" height=\"281\" src=\"https:\/\/www.youtube.com\/embed\/1He-s2v-lDk?feature=oembed\" frameborder=\"0\" allow=\"accelerometer; autoplay; clipboard-write; encrypted-media; gyroscope; picture-in-picture; web-share\" referrerpolicy=\"strict-origin-when-cross-origin\" allowfullscreen><\/iframe><\/div>\n<\/div>\n<p>Exposici\u00f3n <em>Gonzalo Chillida<\/em> (Sala <strong>kubo-kutxa <\/strong>Aretoa. Donostia-San Sebasti\u00e1n) Programa <em>Versi\u00f3n de arte<\/em>. Canal Txingudi, 2016.<br \/>\nEntrevista con Mikel Lertxundi, co-comisario de la exposici\u00f3n.<\/p>\n","protected":false},"excerpt":{"rendered":"<p>La Idea del Norte, 2016. Video Color, 40\u2019. Alicia Chillida-Benito Mac\u00edas Cant\u00f3n, Direcci\u00f3n. La Idea del Norte es el t\u00edtulo de esta pel\u00edcula que parte de un paisaje etnogr\u00e1fico vasco para retratar a Gonzalo Chillida a trav\u00e9s de los criterios y motivaciones de su visi\u00f3n de la naturaleza.\u00a0Una voz reflexiva convierte el material de archivo [&hellip;]<\/p>\n","protected":false},"author":1,"featured_media":0,"parent":0,"menu_order":0,"comment_status":"closed","ping_status":"closed","template":"","meta":{"_monsterinsights_skip_tracking":false,"_monsterinsights_sitenote_active":false,"_monsterinsights_sitenote_note":"","_monsterinsights_sitenote_category":0,"footnotes":""},"class_list":["post-3623","page","type-page","status-publish","hentry"],"_links":{"self":[{"href":"https:\/\/gonzalochillida.com\/es\/wp-json\/wp\/v2\/pages\/3623","targetHints":{"allow":["GET"]}}],"collection":[{"href":"https:\/\/gonzalochillida.com\/es\/wp-json\/wp\/v2\/pages"}],"about":[{"href":"https:\/\/gonzalochillida.com\/es\/wp-json\/wp\/v2\/types\/page"}],"author":[{"embeddable":true,"href":"https:\/\/gonzalochillida.com\/es\/wp-json\/wp\/v2\/users\/1"}],"replies":[{"embeddable":true,"href":"https:\/\/gonzalochillida.com\/es\/wp-json\/wp\/v2\/comments?post=3623"}],"version-history":[{"count":14,"href":"https:\/\/gonzalochillida.com\/es\/wp-json\/wp\/v2\/pages\/3623\/revisions"}],"predecessor-version":[{"id":4508,"href":"https:\/\/gonzalochillida.com\/es\/wp-json\/wp\/v2\/pages\/3623\/revisions\/4508"}],"wp:attachment":[{"href":"https:\/\/gonzalochillida.com\/es\/wp-json\/wp\/v2\/media?parent=3623"}],"curies":[{"name":"wp","href":"https:\/\/api.w.org\/{rel}","templated":true}]}}

<div class="video-limiter">
<div class="video-container"><iframe loading="lazy" title="La Idea del Norte - Un retrato de Gonzalo Chillida" src="https://player.vimeo.com/video/160693095?dnt=1&amp;app_id=122963" width="500" height="281" frameborder="0" allow="autoplay; fullscreen; picture-in-picture; clipboard-write; encrypted-media"></iframe></div>
</div>
<p><em>La Idea del Norte</em>, 2016. Video Color, 40’.<br />
Alicia Chillida-Benito Macías Cantón, Dirección.</p>
<p><i class="">La Idea del Norte </i>es el título de esta película que parte de un paisaje etnográfico vasco para retratar a Gonzalo Chillida a través de los criterios y motivaciones de su visión de la naturaleza. Una voz reflexiva convierte el material de archivo del artista (películas en súper8 y fotografías originales), en la esencia y el vocabulario visual fuera de los límites de su obra reconocida. El documental hace uso de entrevistas a personas estrechamente vinculadas a su vida y a su obra y recupera los lugares en los que el artista vivió y trabajó. La metáfora del Norte profundiza en un proceso creativo en el que la pintura, la fotografía y el cine entran en diálogo.</p>
<p>&nbsp;</p>
<p>&nbsp;</p>
<div class="video-limiter">
<div class="video-container"><iframe loading="lazy" title="Exposición Gonzalo Chillida" width="500" height="281" src="https://www.youtube.com/embed/5Ov2Ty149d8?feature=oembed" frameborder="0" allow="accelerometer; autoplay; clipboard-write; encrypted-media; gyroscope; picture-in-picture; web-share" referrerpolicy="strict-origin-when-cross-origin" allowfullscreen></iframe></div>
</div>
<p>Exposición <em>Gonzalo Chillida</em>. Sala <strong>kubo-kutxa </strong>Aretoa. Donostia-San Sebastián, 2016.<br />
Comisariado: Alicia Chillida / Mikel Lertxundi.</p>
<p>&nbsp;</p>
<div class="video-limiter">
<div class="video-container"><iframe loading="lazy" title="VERSION DE ARTE GONZALO CHILLIDA" width="500" height="281" src="https://www.youtube.com/embed/1He-s2v-lDk?feature=oembed" frameborder="0" allow="accelerometer; autoplay; clipboard-write; encrypted-media; gyroscope; picture-in-picture; web-share" referrerpolicy="strict-origin-when-cross-origin" allowfullscreen></iframe></div>
</div>
<p>Exposición <em>Gonzalo Chillida</em> (Sala <strong>kubo-kutxa </strong>Aretoa. Donostia-San Sebastián) Programa <em>Versión de arte</em>. Canal Txingudi, 2016.<br />
Entrevista con Mikel Lertxundi, co-comisario de la exposición.</p>

<p>La Idea del Norte, 2016. Video Color, 40’. Alicia Chillida-Benito Macías Cantón, Dirección. La Idea del Norte es el título de esta película que parte de un paisaje etnográfico vasco para retratar a Gonzalo Chillida a través de los criterios y motivaciones de su visión de la naturaleza. Una voz reflexiva convierte el material de archivo [&hellip;]</p>
